4929493.
109, 233, 14369
List the prime factors of 59482433.
157, 378869
List the prime factors of 59849525.
5, 19, 163, 773
What are the prime factors of 3431485406?
2, 41, 41847383
List the prime factors of 125112198.
2, 3, 43, 239, 2029
List the prime factors of 862467601.
71, 883, 13757
What are the prime factors of 340848875?
5, 31, 87961
What are the prime factors of 43671428?
2, 173, 223, 283
What are the prime factors of 1044723805?
5, 73, 39209
What are the prime factors of 203016446?
2, 23, 311, 617
What are the prime factors of 30437685?
3, 5, 313, 2161
List the prime factors of 5593479.
3, 73, 25541
List the prime factors of 1108436244.
2, 3, 17, 5433511
What are the prime factors of 384991234?
2, 241, 798737
List the prime factors of 1515583580.
2, 5, 7, 1439, 7523
What are the prime factors of 1766051163?
3, 196227907
List the prime factors of 1176335134.
2, 13, 45243659
What are the prime factors of 36409345?
5, 7, 23, 31, 1459
What are the prime factors of 139435209?
3, 53, 139, 701
What are the prime factors of 26462550?
2, 3, 5, 176417
List the prime factors of 593706568.
2, 7, 13, 41, 19891
What are the prime factors of 1853482082?
2, 926741041
What are the prime factors of 68627032?
2, 23, 372973
What are the prime factors of 808641338?
2, 431, 938099
List the prime factors of 221259611.
221259611
List the prime factors of 312635156.
2, 353, 221413
What are the prime factors of 967330801?
521, 587, 3163
What are the prime factors of 1349971066?
2, 2539, 265847
List the prime factors of 1419972706.
2, 59, 12033667
List the prime factors of 428516670.
2, 3, 5, 14283889
What are the prime factors of 7125314007?
3, 7, 29, 11700023
List the prime factors of 443238324.
2, 3, 43, 858989
What are the prime factors of 25642755?
3, 5, 569839
What are the prime factors of 9424871?
23, 409777
List the prime factors of 746084825.
5, 29843393
List the prime factors of 5024542515.
3, 5, 773, 433337
List the prime factors of 1978029087.
3, 149, 733, 6037
List the prime factors of 953630845.
5, 1987, 95987
List the prime factors of 54561208.
2, 13, 281, 1867
List the prime factors of 1752544038.
2, 3, 7, 41727239
What are the prime factors of 7211458?
2, 151, 23879
What are the prime factors of 116510544?
2, 3, 809101
What are the prime factors of 1641034197?
3, 11, 31, 199, 2687
List the prime factors of 542682596.
2, 61, 1367, 1627
List the prime factors of 106879501.
106879501
List the prime factors of 1001719572.
2, 3, 7, 43, 277331
List the prime factors of 30737077.
7, 4391011
List the prime factors of 1991478393.
3, 43, 13297
List the prime factors of 1191778339.
1191778339
List the prime factors of 575438756.
2, 89, 1616401
List the prime factors of 2586656244.
2, 3, 31, 127, 54751
What are the prime factors of 79325802?
2, 3, 1579, 2791
List the prime factors of 5610735241.
29, 37, 41, 89, 1433
What are the prime factors of 196259758?
2, 191, 513769
What are the prime factors of 87136884?
2, 3, 157, 571
List the prime factors of 78453466.
2, 7, 13, 431063
List the prime factors of 109365244.
2, 1087, 25153
What are the prime factors of 199215154?
2, 99607577
List the prime factors of 319780727.
7, 17, 61, 44053
List the prime factors of 21902582.
2, 13, 842407
List the prime factors of 1916098411.
29, 66072359
List the prime factors of 96706815.
3, 5, 6447121
List the prime factors of 73415398.
2, 7, 127, 157, 263
What are the prime factors of 45569504?
2, 31, 71, 647
What are the prime factors of 2418962280?
2, 3, 5, 7, 41, 70237
List the prime factors of 4925982784.
2, 113, 681137
List the prime factors of 328197908.
2, 82049477
What are the prime factors of 1021050600?
2, 3, 5, 17, 100103
List the prime factors of 30073014.
2, 3, 1670723
What are the prime factors of 17389223?
37, 469979
List the prime factors of 24425750.
2, 5, 41, 2383
What are the prime factors of 61054296?
2, 3, 19, 191, 701
What are the prime factors of 629287957?
629287957
What are the prime factors of 48215991?
3, 79, 131, 1553
What are the prime factors of 35680620?
2, 3, 5, 17, 34981
List the prime factors of 1580086819.
2659, 594241
What are the prime factors of 503959636?
2, 103, 1223203
What are the prime factors of 46405350?
2, 3, 5, 103123
List the prime factors of 9318428.
2, 7, 47543
List the prime factors of 48398453.
19, 941, 2707
List the prime factors of 96447846.
2, 3, 11, 173, 8447
What are the prime factors of 2272568360?
2, 5, 23, 197, 12539
What are the prime factors of 49741984?
2, 53, 139, 211
What are the prime factors of 1160715098?
2, 580357549
What are the prime factors of 57245904?
2, 3, 397541
List the prime factors of 830457202.
2, 31, 233, 57487
What are the prime factors of 257980826?
2, 6113, 21101
List the prime factors of 771841713.
3, 12473, 20627
What are the prime factors of 130265961?
3, 7, 886163
List the prime factors of 1585918566.
2, 3, 701, 125687
What are the prime factors of 128281018?
2, 3413, 18793
List the prime factors of 1239480100.
2, 5, 137, 90473
List the prime factors of 2420961103.
11, 43, 233, 1997
List the prime factors of 2178692371.
2178692371
List the prime factors of 2632836395.
5, 7, 967, 11113
What are the prime factors of 92383325?
5, 73, 223, 227
List the prime factors of 154699604.
2, 1613, 23977
List the prime factors of 1150079363.
1150079363
List the prime factors of 22999775.
5, 673, 1367
What are the prime factors of 2144729034?
2, 3, 7, 2473, 6883
List the prime factors of 48660758.
2, 24330379
What are the prime factors of 75509253?
3, 23, 40531
What are the prime factors of 11931582?
2, 3, 13, 19, 83, 97
What are the prime factors of 1969896012?
2, 3, 7, 17, 59, 103, 227
What are the prime factors of 144029380?
2, 5, 11, 654679
List the prime factors of 1957421778.
2, 3, 13, 31, 809521
List the prime factors of 121349979.
3, 19, 709649
What are the prime factors of 18085958?
2, 11, 23, 31, 1153
What are the prime factors of 563295525?
3, 5, 13, 577739
List the prime factors of 860962947.
3, 13, 22075973
List the prime factors of 136091593.
11, 71, 271, 643
List the prime factors of 4652046419.
4652046419
What are the prime factors of 76439104?
2, 7, 97, 1759
List the prime factors of 202247676.
2, 3, 359, 15649
List the prime factors of 34989043.
17, 2058179
List the prime factors of 459629567.
6673, 68879
List the prime factors of 90720567.
3, 7, 160001
What are the prime factors of 2127828003?
3, 7, 23, 31, 142111
List the prime factors of 501162025.
5, 7, 13, 220291
What are the prime factors of 24384990?
2, 3, 5, 7, 151, 769
List the prime factors of 11165120.
2, 5, 23, 37, 41
List the prime factors of 8674178303.
7, 3137, 56431
List the prime factors of 4887056189.
6113, 799453
What are the prime factors of 824026723?
13, 63386671
List the prime factors of 1807686783.
3, 7, 29, 107, 1321
What are the prime factors of 83139958?
2, 11, 1667, 2267
What are the prime factors of 30017652?
2, 3, 7, 357353
What are the prime factors of 56674590?
2, 3, 5, 7, 269879
List the prime factors of 1896719168.
2, 1471, 20147
What are the prime factors of 2383590540?
2, 3, 5, 173, 277, 829
List the prime factors of 50348878.
2, 25174439
List the prime factors of 27528905.
5, 5505781
List the prime factors of 122971581.
3, 181, 25163
What are the prime factors of 452171607?
3, 150723869
What are the prime factors of 59336888?
2, 13, 570547
What are the prime factors of 4874628002?
2, 157, 15524293
List the prime factors of 75984967.
75984967
List the prime factors of 131518291.
1279, 102829
List the prime factors of 62896174.
2, 11, 277, 10321
List the prime factors of 942287443.
47, 20048669
List the prime factors of 356884532.
2, 89221133
List the prime factors of 106144927.
7, 631, 3433
List the prime factors of 4064049324.
2, 3, 197, 573047
List the prime factors of 298446784.
2, 4663231
What are the prime factors of 688981707?
3, 557, 15271
What are the prime factors of 4506866204?
2, 499, 2257949
List the prime factors of 509181087.
3, 37, 271, 16927
List the prime factors of 588413594.
2, 294206797
What are the prime factors of 179864998?
2, 17, 5290147
What are the prime factors of 14374183?
53, 271211
List the prime factors of 928657655.
5, 109, 127, 13417
What are the prime factors 